2*v + 0*a - 2*a = -f, -3*v - 5*a + 127 = 0. What is the remainder when v is divided by 9?
7
Suppose -61 = -7*b + 30. Calculate the remainder when 88 is divided by b.
10
Suppose -4*v = -3*v - 24. Calculate the remainder when 69 is divided by v.
21
Suppose l = 4 - 3. Suppose v + 4 = 13. What is the remainder when (5 - l)*4 + 0 is divided by v?
7
Let j = -21 - -31. What is the remainder when j is divided by 3?
1
Let p = 17 + 5. Let r = 14 + -2. Calculate the remainder when p is divided by r.
10
Let g be (10/(-4))/((-2)/(-4)). Let d = -2 - g. Calculate the remainder when 11 is divided by d.
2
Suppose -4*x + 5*d - 8 = -28, -5*x + 25 = -5*d. What is the remainder when 22 is divided by x?
2
Let a(k) = -8*k - 7. Let y be a(-11). Suppose -y = -5*u + 344. Calculate the remainder when u is divided by 29.
27
Let i be ((-3)/(-6))/((-2)/(-220)). What is the remainder when i/4 - (-1)/4 is divided by 5?
4
What is the remainder when 3/(-9) - (-152)/6 is divided by 9?
7
Let s(j) = -j**3 + 4*j**2 - j - 1. Let k be s(3). Suppose c + 72 = k*c. What is the remainder when 70 is divided by c?
16
Let v(x) = -2*x**2 + x + 5. Let w be v(3). Let u = w - -20. Calculate the remainder when 47 is divided by u.
7
Let q(p) = p**2 - 2*p + 30. What is the remainder when q(-10) is divided by 38?
36
Let o = -4 + 23. Calculate the remainder when 92 is divided by o.
16
Suppose -4 + 88 = -4*z. Let u = z - -36. Suppose -4*o + 58 = -58. Calculate the remainder when o is divided by u.
14
Let h = -48 + 77. What is the remainder when h is divided by 16?
13
Let t be (14/(-4))/((-1)/2). What is the remainder when t + (-2 - -1) - -1 is divided by 2?
1
Suppose 0*f - 3*f - 2*v - 7 = 0, 4*v = -20. Calculate the remainder when f is divided by (9/(-3) + 4)*1.
0
Suppose r - 4 = -0*r. Suppose h = 4*u - 22 - 6, -2*u = -r*h. What is the remainder when 1246/42 - (-1)/3 is divided by u?
6
Let m(n) be the second derivative of n**5/4 - n**4/4 + n**3/3 - 3*n**2/2 + 3*n. Calculate the remainder when m(2) is divided by 10.
9
Let q = -5 - -9. Suppose -q*v = 2*y - 8, -3*y = -y - 4*v - 40. Calculate the remainder when y is divided by 7.
5
Suppose -3*f - 14 = -4*z, -2*z - z - f + 17 = 0. Calculate the remainder when 14 is divided by z.
4
Suppose -4*w - 84 = -8. Let b = w - -35. What is the remainder when (-2)/(-3) - 278/(-6) is divided by b?
15
Suppose 2*f - 3*f = -4. Calculate the remainder when 13 is divided by f.
1
Let k(r) = r**3 + r**2 + r + 2. Let x be k(0). Let z = 2 + 18. Calculate the remainder when z is divided by 2/x - -4 - -2.
6
Let f = 195 + -92. Suppose 5*q + 8 - f = 0. Calculate the remainder when q is divided by 10.
9
Suppose -6 + 2 = p. Let b(m) = -m**2 - 5*m - 2. What is the remainder when 5 is divided by b(p)?
1
Suppose -4*g + 119 = 5*f, 176 - 20 = 5*g - f. Calculate the remainder when g is divided by 28/3*(-3 - (-135)/35).
7
Let b = -2 + 21. Suppose h + h = -3*y + 17, -36 = -4*h - 4*y. What is the remainder when b is divided by h?
9
Let d be (1 - 2)/(1/(-5)). Suppose d*t - t = 2*h + 8, 3*h = 5*t - 9. Suppose j - 2 = t*j - 2*p, 3*p = j + 7. Calculate the remainder when 3 is divided by j.
1
Let n = 16 - 5. Calculate the remainder when 41 is divided by n.
8
Let i(y) = -y**2 + 7*y - 4. Let l be i(6). Suppose 2*w - 7 = -1. Suppose -2*f + 9 = l*h - 7*f, -w*f - 5 = -h. Calculate the remainder when 2 is divided by h.
0
Suppose -x + 3*x = 26. Suppose -3*d + 108 + 6 = 0. Calculate the remainder when d is divided by x.
12
Let g = 36 + -21. Calculate the remainder when 43 is divided by g.
13
Suppose -3*z + 0*z + 6 = 0. What is the remainder when 1 + (1 - 1) + 2 is divided by z?
1
Let b be (-7 + 9)/(1 - 0). Suppose -b*d = -9 - 15. Calculate the remainder when 33 is divided by d.
9
Calculate the remainder when 26 is divided by (-3 - -13) + (-3 - -7).
12
Suppose -2*z + z = -12. Suppose -y = -3*y - 3*d + 7, -z = 4*d. What is the remainder when y is divided by 5?
3
Calculate the remainder when 154 is divided by ((-1504)/(-6))/8 + (-2)/6.
30
Suppose 3*z + 2*z - 15 = 0. Suppose 0 = -3*y + 5 + 4. Suppose 0 = y*u - 5*u - 3*t + 30, -57 = -5*u - z*t. What is the remainder when 25 is divided by u?
7
Let y = 15 + -1. Calculate the remainder when y is divided by 6.
2
Suppose 62 + 1 = 7*f. Calculate the remainder when 20 is divided by f.
2
Let j = 15 + 3. Let g = 25 - j. Calculate the remainder when 12 is divided by g.
5
Suppose -2*w - 56 = -2*j - 0*j, -8 = -2*w. Calculate the remainder when j is divided by 7.
4
Let y = 63 - 60. Calculate the remainder when 17 is divided by y.
2
What is the remainder when ((-1)/(-3))/(2/102) is divided by 1/((-1)/(-5)*6/12)?
7
Let u(a) = -a**2 - 16*a - 10. Let y be u(-7). Suppose y + 19 = 4*k. Calculate the remainder when 35 is divided by k.
17
Let f(o) = -o**3 + 17*o**2 - 13*o - 8. Calculate the remainder when f(16) is divided by 11.
7
Suppose -2*k + 4*k - 2 = 0. What is the remainder when 18 is divided by (k + 1)/((-12)/(-30))?
3
Let l be (-2)/6 - 1178/(-6). Let g = l - 116. Suppose 0 = 4*x - 4*m - g, 3*m = -4*x + 27 + 74. What is the remainder when x is divided by 12?
11
Let h(c) = 4*c + 1. Let f(i) = 4*i**2. Let o be f(-1). Suppose -t = -2*r + 4*t + 2, 0 = -o*t. Calculate the remainder when 13 is divided by h(r).
3
Let f = 26 - 24. Calculate the remainder when 27 is divided by 111/15 + f/(-5).
6
Let g = -1 - -10. Calculate the remainder when g is divided by (6/(-4))/((-48)/160).
4
Suppose -11*d + 45 = -6*d. Calculate the remainder when 53 is divided by d.
8
Suppose -2*d + 10 = 2*u - 10, 0 = 3*d - 6. Let c(g) = 4*g + 7. Calculate the remainder when c(u) is divided by 3/6 + (-54)/(-4).
11
Let q = 8 - 6. Let c(g) = 4*g**3 + 2*g**2 + g - 1. Suppose 4*f + 0*f - 60 = -2*n, -5*n = 5*f - 80. Calculate the remainder when c(q) is divided by f.
13
Let r = -11 + 13. Suppose 7*c - r*c = 130. What is the remainder when c is divided by 7?
5
Let r(v) = -v**3 + 36*v**2 + 2*v - 24. Let o = 41 - 24. Calculate the remainder when r(36) is divided by o.
14
Let k = 76 + -34. Calculate the remainder when 166 is divided by k.
40
Suppose -m = -0*m - 14. Suppose m = h + 2*d, 5*d = 7 + 8. What is the remainder when 15 is divided by h?
7
Suppose 2*m = 4*o - 20, -9 = -3*o - 3. What is the remainder when 18 is divided by (-4)/m - (-39)/9?
3
Let h(q) = q**3 + 3*q**2 + 4. Let x be h(-3). Suppose -2*j + 8 = 5*t, j - x*t = -2 - 7. Calculate the remainder when j + -2 + (1 - -9) is divided by 4.
3
Let c(v) = -v**3 + 13*v**2 + 16*v - 7. What is the remainder when c(14) is divided by 8?
5
Suppose 10 = 4*z + 3*r, 4*z + 5*r + 2 = 2*z. Calculate the remainder when 14 is divided by z.
2
Suppose -r = 0, -2*q - q + 3*r = -45. What is the remainder when 29 is divided by q?
14
Suppose 14 = 5*f + 4*y, 0*f - 3*y = -2*f + 1. Calculate the remainder when 7 is divided by f.
1
Calculate the remainder when 73 is divided by (-3 + 18/4)*74/3.
36
Let n(f) = -f**3 - 5*f**2 - 5*f - 4. Let i be n(-4). Suppose 3*v - 38 + 2 = i. Suppose 72 = -5*w + 297. Calculate the remainder when w is divided by v.
9
What is the remainder when 53 is divided by 159/9 + (-32)/(-24)?
15
Suppose -4*i - 5*a + 17 = 0, -5*i + 2*a + 10 = -3*a. Calculate the remainder when i is divided by 2.
1
Let p(b) = -b**2 - 11*b - 9. Let v be p(-8). Let t = v + -3. Calculate the remainder when 21 is divided by t.
9
Suppose 3*w + 4*m + 27 = 4*w, 0 = 5*m - 5. Calculate the remainder when w is divided by 16.
15
Let y be (-4)/14 + 198/(-42). Let z = y + 40. Calculate the remainder when z is divided by 12.
11
Let c be (-2 + 0)*(-7)/2. Let p(g) = 3*g + 3. What is the remainder when 46 is divided by p(c)?
22
Suppose 3*k = -5*p + 153, 0 = -3*p - 5*k + 51 + 44. What is the remainder when p is divided by 11?
8
Let z be (4 + -1)*10/6. Suppose 0 = 3*k - z*w - 63, 5*w - 1 = 2*k - 3*k. Suppose 8*s - 3*s - 310 = 0. What is the remainder when s is divided by k?
14
Let y be (-9)/(30/(-33) + 1). Let q be y/(-21) + (-2)/(-7). Suppose -4 = 4*h, 0*w - 34 = -q*w - h. What is the remainder when w is divided by 4?
3
Let l = 71 + -63. What is the remainder when 191 is divided by l?
7
Suppose -b - 3*b + 26 = 2*c, 3*b - c = 7. Suppose -5 = y + 8*f - 4*f, 37 = 4*y - 3*f. What is the remainder when y is divided by b?
3
Let b(r) = -r**3 + 4*r**2 + 7*r - 6. Suppose 66*c = 73*c - 42. What is the remaind